{"id":29188,"date":"2026-02-01T14:43:20","date_gmt":"2026-02-01T14:43:20","guid":{"rendered":"https:\/\/platformlastik.com\/?product=dingli-33x12-20-siyah-kaucuk-makasli-platform-tekerlekleri-tekerlegi-sol"},"modified":"2026-03-03T16:39:18","modified_gmt":"2026-03-03T16:39:18","slug":"dingli-33x12-20-siyah-kaucuk-makasli-platform-tekerlekleri-tekerlegi-sol","status":"publish","type":"product","link":"https:\/\/platformlastik.com\/?product=dingli-33x12-20-siyah-kaucuk-makasli-platform-tekerlekleri-tekerlegi-sol","title":{"rendered":"Dingli 33&#215;12-20 Siyah Kau\u00e7uk Makasl\u0131 Platform Tekerlekleri Tekerle\u011fi Sol"},"content":{"rendered":"","protected":false},"excerpt":{"rendered":"<p>Dingli 33&#215;12-20 siyah kau\u00e7uk makasl\u0131 platform tekerle\u011fi, y\u00fcksek ta\u015f\u0131ma kapasitesi, g\u00fc\u00e7l\u00fc zemin tutu\u015fu, dayan\u0131kl\u0131 hamuru ve uzun s\u00fcreli end\u00fcstriyel kullan\u0131m i\u00e7in idealdir g\u00fcvenli stabil performans.<\/p>\n","protected":false},"featured_media":29286,"comment_status":"open","ping_status":"closed","template":"","meta":[],"product_brand":[75],"product_cat":[98,120,92,88],"product_tag":[],"class_list":{"0":"post-29188","1":"product","2":"type-product","3":"status-publish","4":"has-post-thumbnail","6":"product_brand-dingli","7":"product_cat-33x12-20","8":"product_cat-dizel-makasli-platform-tekerlegi","9":"product_cat-kaucuk-dolgu-tekerlekler","10":"product_cat-siyah","12":"first","13":"onbackorder","14":"sale","15":"taxable","16":"shipping-taxable","17":"purchasable","18":"product-type-simple"},"_links":{"self":[{"href":"https:\/\/platformlastik.com\/index.php?rest_route=\/wp\/v2\/product\/29188","targetHints":{"allow":["GET"]}}],"collection":[{"href":"https:\/\/platformlastik.com\/index.php?rest_route=\/wp\/v2\/product"}],"about":[{"href":"https:\/\/platformlastik.com\/index.php?rest_route=\/wp\/v2\/types\/product"}],"replies":[{"embeddable":true,"href":"https:\/\/platformlastik.com\/index.php?rest_route=%2Fwp%2Fv2%2Fcomments&post=29188"}],"version-history":[{"count":2,"href":"https:\/\/platformlastik.com\/index.php?rest_route=\/wp\/v2\/product\/29188\/revisions"}],"predecessor-version":[{"id":29289,"href":"https:\/\/platformlastik.com\/index.php?rest_route=\/wp\/v2\/product\/29188\/revisions\/29289"}],"wp:featuredmedia":[{"embeddable":true,"href":"https:\/\/platformlastik.com\/index.php?rest_route=\/wp\/v2\/media\/29286"}],"wp:attachment":[{"href":"https:\/\/platformlastik.com\/index.php?rest_route=%2Fwp%2Fv2%2Fmedia&parent=29188"}],"wp:term":[{"taxonomy":"product_brand","embeddable":true,"href":"https:\/\/platformlastik.com\/index.php?rest_route=%2Fwp%2Fv2%2Fproduct_brand&post=29188"},{"taxonomy":"product_cat","embeddable":true,"href":"https:\/\/platformlastik.com\/index.php?rest_route=%2Fwp%2Fv2%2Fproduct_cat&post=29188"},{"taxonomy":"product_tag","embeddable":true,"href":"https:\/\/platformlastik.com\/index.php?rest_route=%2Fwp%2Fv2%2Fproduct_tag&post=29188"}],"curies":[{"name":"wp","href":"https:\/\/api.w.org\/{rel}","templated":true}]}}