{"id":29176,"date":"2026-02-01T14:43:18","date_gmt":"2026-02-01T14:43:18","guid":{"rendered":"https:\/\/platformlastik.com\/?product=haulotte-675x235-iz-birakmayan-gri-kaucuk-eklemli-platform-tekerlekleri-tekerlegi"},"modified":"2026-03-03T16:40:31","modified_gmt":"2026-03-03T16:40:31","slug":"haulotte-675x235-iz-birakmayan-gri-kaucuk-eklemli-platform-tekerlekleri-tekerlegi","status":"publish","type":"product","link":"https:\/\/platformlastik.com\/?product=haulotte-675x235-iz-birakmayan-gri-kaucuk-eklemli-platform-tekerlekleri-tekerlegi","title":{"rendered":"Haulotte 675&#215;235 \u0130z B\u0131rakmayan Gri Kau\u00e7uk Eklemli Platform Tekerlekleri Tekerle\u011fi"},"content":{"rendered":"","protected":false},"excerpt":{"rendered":"<p>Haulotte 675&#215;235 iz b\u0131rakmayan gri kau\u00e7uk eklemli platform tekerle\u011fi, geni\u015f taban yap\u0131s\u0131yla zorlu zeminlerde maksimum denge ve g\u00fcvenli performans sa\u011flar.<\/p>\n","protected":false},"featured_media":0,"comment_status":"open","ping_status":"closed","template":"","meta":[],"product_brand":[78],"product_cat":[115,122,90,92],"product_tag":[],"class_list":{"0":"post-29176","1":"product","2":"type-product","3":"status-publish","5":"product_brand-haulotte","6":"product_cat-675x235","7":"product_cat-akulu-eklemli-platform-tekerlegi","8":"product_cat-gri","9":"product_cat-kaucuk-dolgu-tekerlekler","11":"first","12":"onbackorder","13":"sale","14":"taxable","15":"shipping-taxable","16":"purchasable","17":"product-type-simple"},"_links":{"self":[{"href":"https:\/\/platformlastik.com\/index.php?rest_route=\/wp\/v2\/product\/29176","targetHints":{"allow":["GET"]}}],"collection":[{"href":"https:\/\/platformlastik.com\/index.php?rest_route=\/wp\/v2\/product"}],"about":[{"href":"https:\/\/platformlastik.com\/index.php?rest_route=\/wp\/v2\/types\/product"}],"replies":[{"embeddable":true,"href":"https:\/\/platformlastik.com\/index.php?rest_route=%2Fwp%2Fv2%2Fcomments&post=29176"}],"version-history":[{"count":1,"href":"https:\/\/platformlastik.com\/index.php?rest_route=\/wp\/v2\/product\/29176\/revisions"}],"predecessor-version":[{"id":29232,"href":"https:\/\/platformlastik.com\/index.php?rest_route=\/wp\/v2\/product\/29176\/revisions\/29232"}],"wp:attachment":[{"href":"https:\/\/platformlastik.com\/index.php?rest_route=%2Fwp%2Fv2%2Fmedia&parent=29176"}],"wp:term":[{"taxonomy":"product_brand","embeddable":true,"href":"https:\/\/platformlastik.com\/index.php?rest_route=%2Fwp%2Fv2%2Fproduct_brand&post=29176"},{"taxonomy":"product_cat","embeddable":true,"href":"https:\/\/platformlastik.com\/index.php?rest_route=%2Fwp%2Fv2%2Fproduct_cat&post=29176"},{"taxonomy":"product_tag","embeddable":true,"href":"https:\/\/platformlastik.com\/index.php?rest_route=%2Fwp%2Fv2%2Fproduct_tag&post=29176"}],"curies":[{"name":"wp","href":"https:\/\/api.w.org\/{rel}","templated":true}]}}